{"id":583,"date":"2018-10-02T16:41:59","date_gmt":"2018-10-02T14:41:59","guid":{"rendered":"https:\/\/inspiration4web.com\/work\/gradski-muzej-omis\/"},"modified":"2018-10-12T12:56:53","modified_gmt":"2018-10-12T10:56:53","slug":"gradski-muzej-omis","status":"publish","type":"work","link":"https:\/\/inspiration4web.com\/hr\/rad\/gradski-muzej-omis\/","title":{"rendered":"Gradski muzej Omi\u0161"},"content":{"rendered":"\n<figure class=\"wp-block-image is-resized\"><img loading=\"lazy\" decoding=\"async\" src=\"https:\/\/inspiration4web.com\/wp-content\/uploads\/2018\/10\/gk-omis-min.png\" alt=\"\" class=\"wp-image-215\" width=\"1170\" height=\"3370\" srcset=\"https:\/\/inspiration4web.com\/wp-content\/uploads\/2018\/10\/gk-omis-min.png 1170w, https:\/\/inspiration4web.com\/wp-content\/uploads\/2018\/10\/gk-omis-min-104x300.png 104w, https:\/\/inspiration4web.com\/wp-content\/uploads\/2018\/10\/gk-omis-min-768x2212.png 768w, https:\/\/inspiration4web.com\/wp-content\/uploads\/2018\/10\/gk-omis-min-356x1024.png 356w\" sizes=\"auto, (max-width: 1170px) 100vw, 1170px\" \/><\/figure>\n\n\n\n<div class=\"wp-block-columns has-2-columns is-layout-flex wp-container-core-columns-is-layout-1 wp-block-columns-is-layout-flex\">\n<div class=\"wp-block-column is-layout-flow wp-block-column-is-layout-flow\">\n<p>Gradski muzej Omi\u0161 osnovan je 1986. g. Smje\u0161ten je u zgradi neposredno uz isto\u010dna gradska vrata, na ulazu u staru gradsku jezgru.<\/p>\n<\/div>\n\n\n\n<div class=\"wp-block-column is-layout-flow wp-block-column-is-layout-flow\">\n<ul class=\"wp-block-list\"><li>Klijent: Gradski Muzej Omi\u0161, Omi\u0161 &#8211; Hrvatska<\/li><li>Usluge: web dizajn, Responsive dizajn, WordPress, HTML, CSS<br\/><\/li><li>Godina: 2018.<\/li><\/ul>\n<\/div>\n<\/div>\n\n\n\n<p>U dvori\u0161tu Muzeja izlo\u017eeni su anti\u010dki kameni spomenici s natpisima, a u prizemlju je stalni postav arheolo\u0161ke i povijesne gra\u0111e vezane za grad Omi\u0161 i njegovu okolicu.<\/p>\n\n\n\n<p>U muzeju se izdvaja nekoliko prvorazrednih arheolo\u0161kih spomenika. Najzna\u010dajniji anti\u010dki spomenik je kameni natpis na latinskom jeziku iz 1. st., s posvetom caru Klaudiju. Tu je i rimski natpis izra\u0111en u vrijeme cara Tiberija i mramorna glava cara Tiberija, prona\u0111eni nedaleko od nalazi\u0161ta velikoga anti\u010dkog \u017ertvenika posve\u0107enoga Augustu&#8230;<\/p>\n\n\n\n<div class=\"wp-block-button aligncenter\"><a class=\"wp-block-button__link has-background has-luminous-vivid-amber-background-color\" href=\"http:\/\/gradskimuzejomis.hr\/\">Visit website<\/a><\/div>\n","protected":false},"excerpt":{"rendered":"<p>Gradski muzej Omi\u0161 osnovan je 1986. g. Smje\u0161ten je u zgradi neposredno uz isto\u010dna gradska vrata, na ulazu u staru gradsku jezgru. Klijent: Gradski Muzej Omi\u0161, Omi\u0161 &#8211; Hrvatska Usluge: web dizajn, Responsive dizajn, WordPress, HTML, CSS Godina: 2018. U dvori\u0161tu Muzeja izlo\u017eeni su anti\u010dki kameni spomenici s natpisima, a u prizemlju je stalni postav [&hellip;]<\/p>\n","protected":false},"author":1,"featured_media":195,"template":"","work-category":[27],"class_list":["post-583","work","type-work","status-publish","has-post-thumbnail","hentry","work-category-web-design-hr"],"acf":[],"_links":{"self":[{"href":"https:\/\/inspiration4web.com\/hr\/wp-json\/wp\/v2\/work\/583","targetHints":{"allow":["GET"]}}],"collection":[{"href":"https:\/\/inspiration4web.com\/hr\/wp-json\/wp\/v2\/work"}],"about":[{"href":"https:\/\/inspiration4web.com\/hr\/wp-json\/wp\/v2\/types\/work"}],"author":[{"embeddable":true,"href":"https:\/\/inspiration4web.com\/hr\/wp-json\/wp\/v2\/users\/1"}],"wp:featuredmedia":[{"embeddable":true,"href":"https:\/\/inspiration4web.com\/hr\/wp-json\/wp\/v2\/media\/195"}],"wp:attachment":[{"href":"https:\/\/inspiration4web.com\/hr\/wp-json\/wp\/v2\/media?parent=583"}],"wp:term":[{"taxonomy":"work-category","embeddable":true,"href":"https:\/\/inspiration4web.com\/hr\/wp-json\/wp\/v2\/work-category?post=583"}],"curies":[{"name":"wp","href":"https:\/\/api.w.org\/{rel}","templated":true}]}}

Gradski muzej Omiš

<figure class="wp-block-image is-resized"><img loading="lazy" decoding="async" src="https://inspiration4web.com/wp-content/uploads/2018/10/gk-omis-min.png" alt="" class="wp-image-215" width="1170" height="3370" srcset="https://inspiration4web.com/wp-content/uploads/2018/10/gk-omis-min.png 1170w, https://inspiration4web.com/wp-content/uploads/2018/10/gk-omis-min-104x300.png 104w, https://inspiration4web.com/wp-content/uploads/2018/10/gk-omis-min-768x2212.png 768w, https://inspiration4web.com/wp-content/uploads/2018/10/gk-omis-min-356x1024.png 356w" sizes="auto, (max-width: 1170px) 100vw, 1170px" /></figure>



<div class="wp-block-columns has-2-columns is-layout-flex wp-container-core-columns-is-layout-1 wp-block-columns-is-layout-flex">
<div class="wp-block-column is-layout-flow wp-block-column-is-layout-flow">
<p>Gradski muzej Omiš osnovan je 1986. g. Smješten je u zgradi neposredno uz istočna gradska vrata, na ulazu u staru gradsku jezgru.</p>
</div>



<div class="wp-block-column is-layout-flow wp-block-column-is-layout-flow">
<ul class="wp-block-list"><li>Klijent: Gradski Muzej Omiš, Omiš &#8211; Hrvatska</li><li>Usluge: web dizajn, Responsive dizajn, WordPress, HTML, CSS<br/></li><li>Godina: 2018.</li></ul>
</div>
</div>



<p>U dvorištu Muzeja izloženi su antički kameni spomenici s natpisima, a u prizemlju je stalni postav arheološke i povijesne građe vezane za grad Omiš i njegovu okolicu.</p>



<p>U muzeju se izdvaja nekoliko prvorazrednih arheoloških spomenika. Najznačajniji antički spomenik je kameni natpis na latinskom jeziku iz 1. st., s posvetom caru Klaudiju. Tu je i rimski natpis izrađen u vrijeme cara Tiberija i mramorna glava cara Tiberija, pronađeni nedaleko od nalazišta velikoga antičkog žrtvenika posvećenoga Augustu&#8230;</p>



<div class="wp-block-button aligncenter"><a class="wp-block-button__link has-background has-luminous-vivid-amber-background-color" href="http://gradskimuzejomis.hr/">Visit website</a></div>

<p>Gradski muzej Omiš osnovan je 1986. g. Smješten je u zgradi neposredno uz istočna gradska vrata, na ulazu u staru gradsku jezgru. Klijent: Gradski Muzej Omiš, Omiš &#8211; Hrvatska Usluge: web dizajn, Responsive dizajn, WordPress, HTML, CSS Godina: 2018. U dvorištu Muzeja izloženi su antički kameni spomenici s natpisima, a u prizemlju je stalni postav [&hellip;]</p>
